{"id":504,"date":"2014-02-27T11:11:31","date_gmt":"2014-02-27T10:11:31","guid":{"rendered":"http:\/\/p1327.phpnet.org\/christphoto\/?page_id=504"},"modified":"2020-02-16T12:06:50","modified_gmt":"2020-02-16T11:06:50","slug":"serie-2","status":"publish","type":"page","link":"https:\/\/p1327.phpnet.org\/pix\/christphoto\/serie-2\/","title":{"rendered":"series"},"content":{"rendered":"<p><!--:fr--><\/p>\n<h2 style=\"text-align: center;\">Le travail photographique sur une s\u00e9rie demande une r\u00e9flexion avant de r\u00e9aliser les prises de vue, vous trouverez dans les sous-menus, quelques unes de mes s\u00e9ries photographiques.<\/h2>\n<table width=\"100%\" cellspacing=\"1\" cellpadding=\"3\" border=\"0\" align=\"center\">\n<tbody>\n<tr>\n<td width=\"33%\" align=\"center\"><a href=\"http:\/\/p1327.phpnet.org\/pix\/christphoto\/serie-2\/novemb-liber-corpus\/\"><img loading=\"lazy\" decoding=\"async\" class=\"aligncenter size-thumbnail wp-image-1198\" src=\"http:\/\/p1327.phpnet.org\/pix\/christphoto\/wp-content\/uploads\/simple_photo_gallery\/18\/assemblage-31-150x150.jpg\" alt=\"assemblage-31\" width=\"150\" height=\"150\" srcset=\"https:\/\/p1327.phpnet.org\/pix\/christphoto\/wp-content\/uploads\/simple_photo_gallery\/18\/assemblage-31-150x150.jpg 150w, https:\/\/p1327.phpnet.org\/pix\/christphoto\/wp-content\/uploads\/simple_photo_gallery\/18\/assemblage-31-300x300.jpg 300w, https:\/\/p1327.phpnet.org\/pix\/christphoto\/wp-content\/uploads\/simple_photo_gallery\/18\/assemblage-31-768x768.jpg 768w, https:\/\/p1327.phpnet.org\/pix\/christphoto\/wp-content\/uploads\/simple_photo_gallery\/18\/assemblage-31.jpg 1024w\" sizes=\"(max-width: 150px) 100vw, 150px\" \/><\/a>Novemb Liber Corpus<\/td>\n<td width=\"33%\" align=\"center\"><a href=\"http:\/\/p1327.phpnet.org\/pix\/christphoto\/serie-2\/le-monde-est-flou\/\" target=\"_blank\" rel=\"noopener noreferrer\"><img loading=\"lazy\" decoding=\"async\" class=\"aligncenter wp-image-1087 size-thumbnail\" src=\"http:\/\/p1327.phpnet.org\/pix\/christphoto\/wp-content\/uploads\/2015\/10\/DSC_6595-150x150.jpg\" alt=\"DSC_6595\" width=\"150\" height=\"150\"><\/a>Le monde est flou<\/td>\n<td width=\"33%\" align=\"center\"><\/td>\n<\/tr>\n<\/tbody>\n<\/table>\n<table width=\"100%\" cellspacing=\"1\" cellpadding=\"3\" border=\"0\" align=\"center\">\n<tbody>\n<tr>\n<td width=\"33%\" align=\"center\"><a href=\"http:\/\/p1327.phpnet.org\/pix\/christphoto\/serie-2\/gallery12\/\" target=\"_blank\" rel=\"noopener noreferrer\"><img loading=\"lazy\" decoding=\"async\" class=\"alignnone wp-image-1018 size-thumbnail\" src=\"http:\/\/p1327.phpnet.org\/pix\/christphoto\/wp-content\/uploads\/simple_photo_gallery\/12\/DSC_4887-Modifier-150x150.jpg\" alt=\"dsc_4887-modifier-2\" width=\"150\" height=\"150\"><\/a><br \/>\nInaccessible perfection 1<\/td>\n<td width=\"33%\" align=\"center\"><a href=\"http:\/\/p1327.phpnet.org\/pix\/christphoto\/serie-2\/gallery13\/\" target=\"_blank\" rel=\"noopener noreferrer\"><img loading=\"lazy\" decoding=\"async\" class=\"alignnone wp-image-954 size-thumbnail\" src=\"http:\/\/p1327.phpnet.org\/pix\/christphoto\/wp-content\/uploads\/2015\/10\/DSC_5674-Modifier-150x150.jpg\" alt=\"DSC_5674-Modifier\" width=\"150\" height=\"150\"><\/a><br \/>\nInaccessible perfection 2<\/td>\n<td width=\"33%\" align=\"center\"><a href=\"http:\/\/p1327.phpnet.org\/pix\/christphoto\/serie-2\/gallery14\/\" target=\"_blank\" rel=\"noopener noreferrer\"><img loading=\"lazy\" decoding=\"async\" class=\"alignnone wp-image-966 size-thumbnail\" src=\"http:\/\/p1327.phpnet.org\/pix\/christphoto\/wp-content\/uploads\/2015\/10\/PHG_2706-Modifier-2-150x150.jpg\" alt=\"PHG_2706-Modifier-2\" width=\"150\" height=\"150\"><\/a><br \/>\nInaccessible perfection 3<\/td>\n<\/tr>\n<\/tbody>\n<\/table>\n<p><!--:--><\/p>\n<table width=\"100%\" cellspacing=\"1\" cellpadding=\"3\" border=\"0\" align=\"center\">\n<tbody>\n<tr>\n<td width=\"33%\" align=\"center\"><a href=\"http:\/\/p1327.phpnet.org\/pix\/christphoto\/serie-2\/gallery8\/\" target=\"_blank\" rel=\"noopener noreferrer\"><img decoding=\"async\" src=\"http:\/\/p1327.phpnet.org\/pix\/christphoto\/wp-content\/uploads\/simple_photo_gallery\/8\/julie005-150x150.jpg\" alt=\"Abandon\"><\/a><br \/>\nAbandon<\/td>\n<td width=\"33%\" align=\"center\"><a href=\"http:\/\/p1327.phpnet.org\/pix\/christphoto\/serie-2\/gallery9\/\" target=\"_blank\" rel=\"noopener noreferrer\"><img decoding=\"async\" src=\"http:\/\/p1327.phpnet.org\/pix\/christphoto\/wp-content\/uploads\/simple_photo_gallery\/9\/portrait-rousse-cigarette-150x150.jpg\" alt=\"Acc\u00e8s \u00e0 la s\u00e9rie\"><\/a><br \/>\nPortraits sensuels<\/td>\n<td width=\"33%\" align=\"center\"><a href=\"http:\/\/p1327.phpnet.org\/pix\/christphoto\/serie-2\/gallery10\/\" target=\"_blank\" rel=\"noopener noreferrer\"><img decoding=\"async\" src=\"http:\/\/p1327.phpnet.org\/pix\/christphoto\/wp-content\/uploads\/simple_photo_gallery\/10\/DSC_8705-150x150.jpg\" alt=\"Acc\u00e8s \u00e0 la s\u00e9rie\"><\/a><br \/>\nRETURN OF THE MUSE IN HIS STREAM<\/td>\n<\/tr>\n<tr>\n<td colspan=\"3\"><\/td>\n<\/tr>\n<tr>\n<td align=\"center\"><a href=\"http:\/\/p1327.phpnet.org\/pix\/christphoto\/handicape-et-alors\/\" target=\"_blank\" rel=\"noopener noreferrer\"><img decoding=\"async\" src=\"http:\/\/p1327.phpnet.org\/pix\/christphoto\/wp-content\/uploads\/simple_photo_gallery\/4\/handi-22-150x150.jpg\" alt=\"Acc\u00e8s \u00e0 la s\u00e9rie\"><\/a><br \/>\nHANDI\u2026 ET ALORS ?<\/td>\n<td align=\"center\"><a href=\"http:\/\/p1327.phpnet.org\/pix\/christphoto\/serie-2\/gallery2\/\" target=\"_blank\" rel=\"noopener noreferrer\"><img decoding=\"async\" src=\"http:\/\/p1327.phpnet.org\/pix\/christphoto\/wp-content\/uploads\/simple_photo_gallery\/2\/12-150x150.jpg\" alt=\"Acc\u00e8s \u00e0 la s\u00e9rie\"><\/a><br \/>\n\u00c9tonnante solitude<\/td>\n<td align=\"center\"><a href=\"http:\/\/p1327.phpnet.org\/pix\/christphoto\/serie-2\/gallery3\/\" target=\"_blank\" rel=\"noopener noreferrer\"><img decoding=\"async\" src=\"http:\/\/p1327.phpnet.org\/pix\/christphoto\/wp-content\/uploads\/simple_photo_gallery\/3\/DSC8851-150x150.jpg\" alt=\"Acc\u00e8s \u00e0 la s\u00e9rie\"><\/a><br \/>\nLe retour des formes<\/td>\n<\/tr>\n<\/tbody>\n<\/table>\n","protected":false},"excerpt":{"rendered":"<p>Le travail photographique sur une s\u00e9rie demande une r\u00e9flexion avant de r\u00e9aliser les prises de vue, vous trouverez dans les sous-menus, quelques unes de mes s\u00e9ries photographiques. Novemb Liber Corpus Le monde est flou Inaccessible perfection 1 Inaccessible perfection 2 Inaccessible perfection 3 Abandon Portraits sensuels RETURN OF THE MUSE IN HIS STREAM HANDI\u2026 ET<a class=\"rmore\" href=\"https:\/\/p1327.phpnet.org\/pix\/christphoto\/serie-2\/\">&nbsp;&nbsp; Read More &#8230;<\/a><\/p>\n","protected":false},"author":1,"featured_media":0,"parent":0,"menu_order":0,"comment_status":"open","ping_status":"open","template":"fullpage.php","meta":{"footnotes":""},"_links":{"self":[{"href":"https:\/\/p1327.phpnet.org\/pix\/christphoto\/wp-json\/wp\/v2\/pages\/504"}],"collection":[{"href":"https:\/\/p1327.phpnet.org\/pix\/christphoto\/wp-json\/wp\/v2\/pages"}],"about":[{"href":"https:\/\/p1327.phpnet.org\/pix\/christphoto\/wp-json\/wp\/v2\/types\/page"}],"author":[{"embeddable":true,"href":"https:\/\/p1327.phpnet.org\/pix\/christphoto\/wp-json\/wp\/v2\/users\/1"}],"replies":[{"embeddable":true,"href":"https:\/\/p1327.phpnet.org\/pix\/christphoto\/wp-json\/wp\/v2\/comments?post=504"}],"version-history":[{"count":22,"href":"https:\/\/p1327.phpnet.org\/pix\/christphoto\/wp-json\/wp\/v2\/pages\/504\/revisions"}],"predecessor-version":[{"id":1248,"href":"https:\/\/p1327.phpnet.org\/pix\/christphoto\/wp-json\/wp\/v2\/pages\/504\/revisions\/1248"}],"wp:attachment":[{"href":"https:\/\/p1327.phpnet.org\/pix\/christphoto\/wp-json\/wp\/v2\/media?parent=504"}],"curies":[{"name":"wp","href":"https:\/\/api.w.org\/{rel}","templated":true}]}}